43919 and 417.
3
What is the greatest common factor of 6740 and 63720?
20
What is the greatest common divisor of 212 and 304308563?
53
What is the greatest common factor of 3348325 and 95475?
1675
Calculate the highest common divisor of 1881498124 and 44.
44
What is the greatest common factor of 2286996408 and 456?
456
Calculate the highest common divisor of 58671 and 1775628.
1107
Calculate the greatest common divisor of 2932 and 13308.
4
What is the highest common divisor of 570 and 380620065?
285
Calculate the greatest common divisor of 616 and 32783751.
77
Calculate the highest common divisor of 22190 and 680750.
70
Calculate the greatest common divisor of 736599 and 69.
3
Calculate the greatest common divisor of 269977092 and 252.
84
What is the greatest common divisor of 698468400 and 945?
945
What is the highest common divisor of 1738209 and 99?
33
Calculate the highest common divisor of 62 and 24257841.
31
What is the greatest common factor of 44605510 and 46?
46
What is the highest common divisor of 300955600 and 660?
220
Calculate the greatest common factor of 49 and 145397.
7
What is the greatest common divisor of 600472032 and 48?
48
Calculate the highest common divisor of 1044 and 29316564.
1044
What is the greatest common divisor of 1305 and 178845?
15
What is the highest common factor of 7546 and 49262906?
154
Calculate the greatest common divisor of 5712 and 128450028.
1428
What is the highest common factor of 19 and 1583940092?
19
What is the greatest common divisor of 28908 and 38484?
36
What is the greatest common divisor of 1904 and 86384?
16
Calculate the greatest common divisor of 177390 and 778410.
810
What is the highest common divisor of 8693593 and 5543?
241
What is the highest common factor of 45 and 352449?
9
Calculate the greatest common divisor of 329904 and 190548.
2844
What is the greatest common divisor of 270 and 44108820?
270
What is the highest common divisor of 35547 and 984?
123
Calculate the highest common factor of 128435 and 24463.
17
Calculate the greatest common divisor of 91096 and 5224.
8
Calculate the highest common factor of 664 and 55592.
8
Calculate the highest common divisor of 781 and 236973.
11
Calculate the highest common factor of 54189995 and 9785.
95
What is the greatest common divisor of 16947 and 231348339?
2421
Calculate the greatest common factor of 315 and 47099115.
315
Calculate the highest common divisor of 104874750 and 1782.
162
Calculate the greatest common divisor of 1220 and 1367379660.
1220
What is the highest common factor of 15210 and 265635?
45
What is the highest common divisor of 239023964 and 29552?
7388
Calculate the highest common factor of 24924 and 10096297.
2077
What is the highest common factor of 7308 and 17214372?
252
Calculate the greatest common factor of 644 and 1331428.
28
Calculate the greatest common factor of 61645648 and 16.
16
Calculate the greatest common factor of 387020 and 23012.
2092
Calculate the greatest common factor of 27 and 3760065.
9
Calculate the greatest common divisor of 17229802 and 26.
2
Calculate the greatest common divisor of 6 and 61204197.
3
Calculate the greatest common factor of 1408058 and 2.
2
What is the highest common factor of 539 and 3510703?
49
Calculate the highest common divisor of 67283900 and 300.
100
Calculate the highest common factor of 31862 and 112496.
178
What is the greatest common divisor of 4128504 and 48?
24
Calculate the greatest common factor of 8938902 and 285.
3
What is the highest common factor of 1002323 and 70328?
149
What is the highest common divisor of 6767 and 3519143?
101
Calculate the highest common divisor of 409276 and 5180.
28
Calculate the greatest common factor of 630 and 2764188.
126
Calculate the greatest common divisor of 2042484 and 60.
12
What is the greatest common divisor of 434993 and 377?
13
Calculate the highest common divisor of 17220740 and 20.
20
What is the greatest common divisor of 6322674 and 1360?
34
What is the highest common divisor of 3123805 and 21965?
955
What is the highest common factor of 123179133 and 147?
21
Calculate the greatest common divisor of 5391086 and 114309.
977
Calculate the highest common divisor of 34706455 and 2065.
2065
Calculate the highest common divisor of 477309450 and 1347.
1347
What is the greatest common divisor of 82 and 225144858?
82
Calculate the greatest common divisor of 2152412 and 252.
4
Calculate the greatest common divisor of 46494 and 9710442.
1134
Calculate the greatest common factor of 176732675 and 1225.
175
What is the greatest common divisor of 192 and 26679376?
16
Calculate the greatest common factor of 188748 and 238.
14
Calculate the greatest common divisor of 441941 and 23500.
47
What is the greatest common factor of 281801 and 797550?
5317
Calculate the greatest common divisor of 75 and 365780775.
75
Calculate the greatest common divisor of 110 and 68904275.
55
Calculate the greatest common divisor of 18764864 and 416.
32
What is the highest common factor of 122835 and 1578615?
285
What is the highest common divisor of 61518486 and 4?
2
What is the highest common factor of 765531 and 10449?
81
What is the greatest common divisor of 36369 and 182304?
27
What is the highest common divisor of 369523 and 18711?
77
What is the highest common factor of 1992692 and 234?
26
What is the highest common divisor of 3497 and 3046719?
13
Calculate the highest common divisor of 136 and 244294284.
68
Calculate the greatest common factor of 5945 and 161950.
205
What is the highest common divisor of 177771810 and 90?
30
What is the greatest common factor of 20747208 and 45067?
4097
Calculate the greatest common factor of 851 and 406145707.
851
Calculate the greatest common divisor of 252242144 and 32.
32
What is the greatest common factor of 40838514 and 1503?
501
Calculate the greatest common factor of 62097724 and 520.
52
What is the greatest common divisor of 6013651 and 14?
7
Calculate the highest common divisor of 8738034 and 126.
6
Calculate the highest common factor of 29655920 and 13440.
560
Calculate the highest common factor of 220 and 2328535.
55
What is the greatest common divisor of 1281228 and 116892?
2292
Calculate the highest common divisor of 120 and 617853.
3
Calculate the highest common divisor of 4776 and 5766.
6
What is the greatest common divisor of 217158921 and 189?
189
Calculate the greatest common factor of 276 and 131332116.
276
Calculate the greatest common factor of 198 and 16048854.
18
Calculate the highest common divisor of 699960 and 44.
4
What is the highest common divisor of 8885375 and 75?
25
What is the highest common divisor of 20662 and 142991371?
10331
Calculate the highest common divisor of 81 and 2749932.
9
What is the highest common divisor of 13158560 and 1440?
160
Calculate the highest common factor of 21934451 and 308.
77
Calculate the greatest common divisor of 713734 and 60172.
98
Calculate the greatest common divisor of 127 and 25251029.
127
What is the greatest common divisor of 3422 and 4810034?
118
What is the highest common divisor of 8199575 and 100?
25
What is the highest common factor of 9133650 and 6975?
225
Calculate the greatest common divisor of 28767820 and 114454.
1286
Calculate the greatest common factor of 9980 and 1132270.
10
What is the greatest common factor of 55876899 and 975?
39
What is the greatest common divisor of 5436 and 11559956?
604
What is the greatest common divisor of 182 and 32332132?
14
What is the highest common divisor of 73159 and 149745?
149
What is the greatest common factor of 4511765 and 25915?
365
What is the highest common factor of 891990 and 82110?
510
What is the greatest common factor of 569910 and 14190?
330
What is the highest common factor of 2568 and 5703956?
428
What is the greatest common divisor of 329765 and 263105?
505
Calculate the greatest common divisor of 53952 and 394368.
192
Calculate the highest common divisor of 1964718 and 6510.
1302
What is the greatest common factor of 412 and 1267766436?
412
Calculate the greatest common factor of 41509319 and 1007.
19
What is the greatest common divisor of 14670549 and 9396?
261
What is the highest common divisor of 1121 and 1347803?
19
Calculate the highest common factor of 95 and 365915.